9, 1433
What are the prime factors of 6205072?
2, 29, 43, 311
List the prime factors of 13157510.
2, 5, 233, 5647
What are the prime factors of 4071713?
23, 43, 179
What are the prime factors of 1591348?
2, 11, 59, 613
List the prime factors of 4541140.
2, 5, 47, 4831
What are the prime factors of 956923?
11, 86993
List the prime factors of 3181837.
3181837
What are the prime factors of 5889907?
31, 189997
What are the prime factors of 12023703?
3, 43, 31069
What are the prime factors of 843670?
2, 5, 239, 353
What are the prime factors of 301142?
2, 150571
List the prime factors of 158714.
2, 79357
What are the prime factors of 6141072?
2, 3, 7, 373
List the prime factors of 237627.
3, 13, 677
What are the prime factors of 2171000?
2, 5, 13, 167
List the prime factors of 7635571.
359, 21269
What are the prime factors of 532858?
2, 157, 1697
What are the prime factors of 10062225?
3, 5, 4969
List the prime factors of 13222.
2, 11, 601
What are the prime factors of 67326?
2, 3, 7, 229
List the prime factors of 2725744.
2, 7, 24337
What are the prime factors of 9097272?
2, 3, 101, 139
What are the prime factors of 10734874?
2, 67, 80111
What are the prime factors of 311558?
2, 13, 23, 521
What are the prime factors of 6677960?
2, 5, 166949
What are the prime factors of 1673272?
2, 209159
List the prime factors of 9397505.
5, 13, 144577
List the prime factors of 623535.
3, 5, 11, 3779
List the prime factors of 38555.
5, 11, 701
What are the prime factors of 178985?
5, 35797
What are the prime factors of 1119963?
3, 13, 47
List the prime factors of 141244.
2, 35311
List the prime factors of 1781641.
1781641
What are the prime factors of 11537236?
2, 41, 103, 683
List the prime factors of 80288.
2, 13, 193
What are the prime factors of 5571247?
11, 571, 887
List the prime factors of 1032352.
2, 32261
List the prime factors of 214563.
3, 37, 1933
List the prime factors of 91290.
2, 3, 5, 17, 179
What are the prime factors of 620510?
2, 5, 11, 5641
List the prime factors of 39044152.
2, 7, 697217
What are the prime factors of 5117629?
11, 17, 27367
List the prime factors of 11666786.
2, 5833393
What are the prime factors of 1241765?
5, 7, 17, 2087
What are the prime factors of 810592?
2, 73, 347
What are the prime factors of 22976441?
41, 691, 811
List the prime factors of 133972.
2, 33493
What are the prime factors of 1940146?
2, 13, 71, 1051
What are the prime factors of 660097?
660097
What are the prime factors of 3879528?
2, 3, 109, 1483
What are the prime factors of 146529?
3, 67
What are the prime factors of 226943?
226943
What are the prime factors of 564790?
2, 5, 56479
List the prime factors of 114704.
2, 67, 107
What are the prime factors of 11138118?
2, 3, 23, 43, 1877
List the prime factors of 230907.
3, 19, 4051
List the prime factors of 3188982.
2, 3, 531497
List the prime factors of 705913.
13, 4177
List the prime factors of 16601072.
2, 1037567
List the prime factors of 15492123.
3, 1721347
What are the prime factors of 3377207?
3377207
What are the prime factors of 5883351?
3, 101, 19417
List the prime factors of 53534.
2, 13, 29, 71
What are the prime factors of 297152?
2, 4643
What are the prime factors of 7731787?
7, 17, 43, 1511
List the prime factors of 3550205.
5, 53, 13397
What are the prime factors of 7434320?
2, 5, 19, 67, 73
What are the prime factors of 1012885?
5, 202577
List the prime factors of 1464540.
2, 3, 5, 7, 11, 317
List the prime factors of 5717552.
2, 357347
What are the prime factors of 155416?
2, 19427
What are the prime factors of 430486?
2, 7, 97, 317
What are the prime factors of 5002956?
2, 3, 7, 19853
List the prime factors of 11391945.
3, 5, 759463
What are the prime factors of 51076?
2, 113
List the prime factors of 32341813.
7, 94291
What are the prime factors of 1772418?
2, 3, 67, 4409
What are the prime factors of 11355146?
2, 11, 23, 22441
List the prime factors of 381716.
2, 95429
What are the prime factors of 99661?
99661
List the prime factors of 2251717.
13, 173209
What are the prime factors of 141614?
2, 11, 41, 157
List the prime factors of 4215363.
3, 751, 1871
List the prime factors of 42581174.
2, 383, 55589
List the prime factors of 9100882.
2, 7, 17, 38239
What are the prime factors of 11077545?
3, 5, 59, 12517
List the prime factors of 176234.
2, 88117
List the prime factors of 32151.
3, 7, 1531
List the prime factors of 757922.
2, 11, 47, 733
List the prime factors of 1856099.
7, 265157
What are the prime factors of 5222857?
59, 88523
List the prime factors of 345498.
2, 3, 89, 647
What are the prime factors of 25124311?
577, 43543
What are the prime factors of 112986?
2, 3, 6277
What are the prime factors of 8707?
8707
List the prime factors of 6348894.
2, 3, 1058149
List the prime factors of 4244150.
2, 5, 29, 2927
What are the prime factors of 3942992?
2, 281, 877
What are the prime factors of 1550046?
2, 3, 41, 6301
What are the prime factors of 166882?
2, 181, 461
List the prime factors of 294596.
2, 47, 1567
List the prime factors of 209193.
3, 103, 677
List the prime factors of 13802589.
3, 17, 30071
What are the prime factors of 17378014?
2, 41, 211927
What are the prime factors of 143144?
2, 29, 617
What are the prime factors of 2315840?
2, 5, 7237
What are the prime factors of 1327956?
2, 3, 7, 15809
What are the prime factors of 1460683?
7, 71, 2939
List the prime factors of 6516316.
2, 19, 179, 479
What are the prime factors of 4239168?
2, 3, 22079
List the prime factors of 850284.
2, 3, 7873
List the prime factors of 167571.
3, 43, 433
What are the prime factors of 35814?
2, 3, 47, 127
What are the prime factors of 58043?
58043
List the prime factors of 971867.
13, 74759
What are the prime factors of 4856442?
2, 3, 809407
What are the prime factors of 18843407?
11, 83, 20639
List the prime factors of 4032138.
2, 3, 11, 199, 307
List the prime factors of 9994152.
2, 3, 7, 19, 31, 101
What are the prime factors of 1163718?
2, 3, 17, 3803
List the prime factors of 1889777.
643, 2939
List the prime factors of 247797.
3, 11, 2503
What are the prime factors of 39212775?
3, 5, 7, 43, 193
What are the prime factors of 9441732?
2, 3, 17, 31, 1493
List the prime factors of 9543828.
2, 3, 7, 16231
What are the prime factors of 2847735?
3, 5, 11, 523
List the prime factors of 284838.
2, 3, 29, 1637
What are the prime factors of 6400818?
2, 3, 31, 11471
What are the prime factors of 497014?
2, 7, 131, 271
What are the prime factors of 2134439?
2134439
List the prime factors of 989768.
2, 13, 31, 307
What are the prime factors of 2452058?
2, 7, 131, 191
What are the prime factors of 398516?
2, 67, 1487
List the prime factors of 1269504.
2, 3, 19, 29
What are the prime factors of 10380114?
2, 3, 43, 13411
List the prime factors of 3144206.
2, 13, 31, 47, 83
What are the prime factors of 10712836?
2, 2678209
List the prime factors of 23918524.
2, 7, 17, 109, 461
What are the prime factors of 26496001?
7, 3785143
List the prime factors of 227182.
2, 113591
List the prime factors of 2196234.
2, 3, 4519
List the prime factors of 161737.
197, 821
What are the prime factors of 102266?
2, 51133
What are the prime factors of 940998?
2, 3, 156833
List the prime factors of 3094112.
2, 7, 19, 727
List the prime factors of 13228949.
47, 67, 4201
What are the prime factors of 916059?
3, 305353
List the prime factors of 143136.
2, 3, 7, 71
What are the prime factors of 6175251?
3, 228713
List the prime factors of 1009658.
2, 13, 38833
List the prime factors of 81322.
2, 73, 557
List the prime factors of 8417618.
2, 11, 17, 71, 317
List the prime factors of 297680.
2, 5, 61
What are the prime factors of 767286?
2, 3, 13, 1093
List the prime factors of 12360435.
3, 5, 824029
List the prime factors of 536843.
17, 23, 1373
What are the prime factors of 5573155?
5, 7, 159233
What are the prime factors of 20842536?
2, 3, 11, 13, 6073
What are the prime factors of 8015207?
19, 97, 4349
List the prime factors of 4763432.
2, 67, 8887
List the prime factors of 317416.
2, 11, 3607
What are the prime factors of 461630?
2, 5, 13, 53, 67
What are the prime factors of 13698205?
5, 79, 34679
What are the prime factors of 10480108?
2, 31, 223, 379
List the prime factors of 1345989.
3, 31, 41, 353
List the prime f